{"version":"1.0","provider_name":"Cannafair \u2013 Die Hanfmesse im Herzen Deutschlands","provider_url":"http:\/\/cannafair.nrw\/blog","author_name":"Cannafair","author_url":"http:\/\/cannafair.nrw\/blog\/author\/cannafair\/","title":"Speaker: Maximilian Plenert - Cannafair \u2013 Die Hanfmesse im Herzen Deutschlands","type":"rich","width":600,"height":338,"html":"<blockquote class=\"wp-embedded-content\" data-secret=\"D2JfpUOdGm\"><a href=\"http:\/\/cannafair.nrw\/blog\/speaker-maximilian-plenert\/\">Speaker: Maximilian Plenert<\/a><\/blockquote><iframe sandbox=\"allow-scripts\" security=\"restricted\" src=\"http:\/\/cannafair.nrw\/blog\/speaker-maximilian-plenert\/embed\/#?secret=D2JfpUOdGm\" width=\"600\" height=\"338\" title=\"&#8222;Speaker: Maximilian Plenert&#8220; &#8211; Cannafair \u2013 Die Hanfmesse im Herzen Deutschlands\" data-secret=\"D2JfpUOdGm\" frameborder=\"0\" marginwidth=\"0\" marginheight=\"0\" scrolling=\"no\" class=\"wp-embedded-content\"><\/iframe><script type=\"text\/javascript\">\n\/* <![CDATA[ *\/\n\/*! This file is auto-generated *\/\n!function(d,l){\"use strict\";l.querySelector&&d.addEventListener&&\"undefined\"!=typeof URL&&(d.wp=d.wp||{},d.wp.receiveEmbedMessage||(d.wp.receiveEmbedMessage=function(e){var t=e.data;if((t||t.secret||t.message||t.value)&&!\/[^a-zA-Z0-9]\/.test(t.secret)){for(var s,r,n,a=l.querySelectorAll('iframe[data-secret=\"'+t.secret+'\"]'),o=l.querySelectorAll('blockquote[data-secret=\"'+t.secret+'\"]'),c=new RegExp(\"^https?:$\",\"i\"),i=0;i<o.length;i++)o[i].style.display=\"none\";for(i=0;i<a.length;i++)s=a[i],e.source===s.contentWindow&&(s.removeAttribute(\"style\"),\"height\"===t.message?(1e3<(r=parseInt(t.value,10))?r=1e3:~~r<200&&(r=200),s.height=r):\"link\"===t.message&&(r=new URL(s.getAttribute(\"src\")),n=new URL(t.value),c.test(n.protocol))&&n.host===r.host&&l.activeElement===s&&(d.top.location.href=t.value))}},d.addEventListener(\"message\",d.wp.receiveEmbedMessage,!1),l.addEventListener(\"DOMContentLoaded\",function(){for(var e,t,s=l.querySelectorAll(\"iframe.wp-embedded-content\"),r=0;r<s.length;r++)(t=(e=s[r]).getAttribute(\"data-secret\"))||(t=Math.random().toString(36).substring(2,12),e.src+=\"#?secret=\"+t,e.setAttribute(\"data-secret\",t)),e.contentWindow.postMessage({message:\"ready\",secret:t},\"*\")},!1)))}(window,document);\n\/\/# sourceURL=http:\/\/cannafair.nrw\/blog\/wp-includes\/js\/wp-embed.min.js\n\/* ]]> *\/\n<\/script>\n","thumbnail_url":"http:\/\/cannafair.nrw\/blog\/wp-content\/uploads\/2023\/07\/maximilianplenert_web.jpg","thumbnail_width":1024,"thumbnail_height":768,"description":"Maximilian Plenert geh\u00f6rt zum Sprecherteam des bundesweiten Selbsthilfenetzwerks Cannabis als Medizin im ACM. Am 1. Juni 2014 gr\u00fcndete er die Berliner Cannabis-Patientengruppe, die \u00e4lteste noch existierende Selbsthilfegruppe in diesem Bereich. Maximilian Plenert ist seit \u00fcber 20 Jahren in der Drogenpolitik aktiv. Von 2009 bis 2017 war er als wissenschaftlicher und technischer Mitarbeiter beim Deutschen Hanfverband [&hellip;]"}

Maximilian Plenert gehört zum Sprecherteam des bundesweiten Selbsthilfenetzwerks Cannabis als Medizin im ACM. Am 1. Juni 2014 gründete er die Berliner Cannabis-Patientengruppe, die älteste noch existierende Selbsthilfegruppe in diesem Bereich. Maximilian Plenert ist seit über 20 Jahren in der Drogenpolitik aktiv. Von 2009 bis 2017 war er als wissenschaftlicher und technischer Mitarbeiter beim Deutschen Hanfverband [&hellip;]
